{"id":16342,"date":"2023-02-20T20:22:21","date_gmt":"2023-02-20T20:22:21","guid":{"rendered":"https:\/\/dos20.cl\/?post_type=product&#038;p=16342"},"modified":"2026-03-18T13:46:27","modified_gmt":"2026-03-18T13:46:27","slug":"aqua-m50","status":"publish","type":"product","link":"https:\/\/dos20.cl\/?product=aqua-m50","title":{"rendered":"\ud83c\udde9\ud83c\uddea FAST\u00ae Detector de fugas b\u00e1sico Aqua M50"},"content":{"rendered":"<p>El producto Aqua M50 es un micr\u00f3fono ac\u00fastico que permite o\u00edr la tuber\u00eda de manera sencilla para la detecci\u00f3n de fugas incorpora sensor de vibraciones piezomec\u00e1nico altamente sensible, amplificador silencioso de gran calidad con una representaci\u00f3n digital num\u00e9rica del nivel de ruido (0 a 999).<\/p>\n<p><iframe title=\"YouTube video player\" src=\"https:\/\/www.youtube.com\/embed\/SnXLJ8TGrH4\" width=\"560\" height=\"315\" frameborder=\"0\" allowfullscreen=\"allowfullscreen\"><\/iframe><\/p>\n<p><strong>Cada kit Aqua M50 contiene:<\/strong><br \/>\n\u2022 Varilla con extensiones piezomec\u00e1nico<br \/>\n\u2022 Auriculares.<br \/>\n\u2022 Malet\u00edn de transporte r\u00edgido<br \/>\n\u2022 Bater\u00edas<\/p>\n","protected":false},"excerpt":{"rendered":"<p>El producto Aqua M50 es un micr\u00f3fono ac\u00fastico que permite o\u00edr la tuber\u00eda de manera sencilla para la detecci\u00f3n de fugas incorpora sensor de vibraciones piezomec\u00e1nico altamente sensible, amplificador silencioso de gran calidad con una representaci\u00f3n digital num\u00e9rica del nivel de ruido (0 a 999).<\/p>\n","protected":false},"featured_media":18246,"template":"","meta":{"site-sidebar-layout":"default","site-content-layout":"","ast-site-content-layout":"default","site-content-style":"default","site-sidebar-style":"default","ast-global-header-display":"","ast-banner-title-visibility":"","ast-main-header-display":"","ast-hfb-above-header-display":"","ast-hfb-below-header-display":"","ast-hfb-mobile-header-display":"","site-post-title":"","ast-breadcrumbs-content":"","ast-featured-img":"","footer-sml-layout":"","theme-transparent-header-meta":"default","adv-header-id-meta":"","stick-header-meta":"","header-above-stick-meta":"","header-main-stick-meta":"","header-below-stick-meta":"","astra-migrate-meta-layouts":"set","ast-page-background-enabled":"default","ast-page-background-meta":{"desktop":{"background-color":"var(--ast-global-color-4)","background-image":"","background-repeat":"repeat","background-position":"center center","background-size":"auto","background-attachment":"scroll","background-type":"","background-media":"","overlay-type":"","overlay-color":"","overlay-opacity":"","overlay-gradient":""},"tablet":{"background-color":"","background-image":"","background-repeat":"repeat","background-position":"center center","background-size":"auto","background-attachment":"scroll","background-type":"","background-media":"","overlay-type":"","overlay-color":"","overlay-opacity":"","overlay-gradient":""},"mobile":{"background-color":"","background-image":"","background-repeat":"repeat","background-position":"center center","background-size":"auto","background-attachment":"scroll","background-type":"","background-media":"","overlay-type":"","overlay-color":"","overlay-opacity":"","overlay-gradient":""}},"ast-content-background-meta":{"desktop":{"background-color":"var(--ast-global-color-5)","background-image":"","background-repeat":"repeat","background-position":"center center","background-size":"auto","background-attachment":"scroll","background-type":"","background-media":"","overlay-type":"","overlay-color":"","overlay-opacity":"","overlay-gradient":""},"tablet":{"background-color":"var(--ast-global-color-5)","background-image":"","background-repeat":"repeat","background-position":"center center","background-size":"auto","background-attachment":"scroll","background-type":"","background-media":"","overlay-type":"","overlay-color":"","overlay-opacity":"","overlay-gradient":""},"mobile":{"background-color":"var(--ast-global-color-5)","background-image":"","background-repeat":"repeat","background-position":"center center","background-size":"auto","background-attachment":"scroll","background-type":"","background-media":"","overlay-type":"","overlay-color":"","overlay-opacity":"","overlay-gradient":""}}},"product_brand":[171],"product_cat":[130],"product_tag":[155,159,158,153],"class_list":{"0":"post-16342","1":"product","2":"type-product","3":"status-publish","4":"has-post-thumbnail","6":"product_brand-fast","7":"product_cat-microfonos-acusticos-fast","8":"product_tag-detector","9":"product_tag-detector-de-fugas","10":"product_tag-detector-fugas","11":"product_tag-fugas","12":"desktop-align-center","13":"tablet-align-left","14":"mobile-align-left","16":"first","17":"instock","18":"shipping-taxable","19":"product-type-simple"},"_links":{"self":[{"href":"https:\/\/dos20.cl\/index.php?rest_route=\/wp\/v2\/product\/16342","targetHints":{"allow":["GET"]}}],"collection":[{"href":"https:\/\/dos20.cl\/index.php?rest_route=\/wp\/v2\/product"}],"about":[{"href":"https:\/\/dos20.cl\/index.php?rest_route=\/wp\/v2\/types\/product"}],"wp:featuredmedia":[{"embeddable":true,"href":"https:\/\/dos20.cl\/index.php?rest_route=\/wp\/v2\/media\/18246"}],"wp:attachment":[{"href":"https:\/\/dos20.cl\/index.php?rest_route=%2Fwp%2Fv2%2Fmedia&parent=16342"}],"wp:term":[{"taxonomy":"product_brand","embeddable":true,"href":"https:\/\/dos20.cl\/index.php?rest_route=%2Fwp%2Fv2%2Fproduct_brand&post=16342"},{"taxonomy":"product_cat","embeddable":true,"href":"https:\/\/dos20.cl\/index.php?rest_route=%2Fwp%2Fv2%2Fproduct_cat&post=16342"},{"taxonomy":"product_tag","embeddable":true,"href":"https:\/\/dos20.cl\/index.php?rest_route=%2Fwp%2Fv2%2Fproduct_tag&post=16342"}],"curies":[{"name":"wp","href":"https:\/\/api.w.org\/{rel}","templated":true}]}}