{"id":16203,"date":"2021-03-15T21:54:46","date_gmt":"2021-03-15T21:54:46","guid":{"rendered":"https:\/\/dos20.cl\/?post_type=product&#038;p=16203"},"modified":"2026-03-18T12:16:24","modified_gmt":"2026-03-18T12:16:24","slug":"sensor-hemisferico-nos","status":"publish","type":"product","link":"https:\/\/dos20.cl\/?product=sensor-hemisferico-nos","title":{"rendered":"\ud83c\udde9\ud83c\uddea Nivus\u00ae Sensor hemisf\u00e9rico NOS para NivuFlow 650"},"content":{"rendered":"<ul>\n<li>Sensor de tiempo de tr\u00e1nsito ultras\u00f3nico para conectar a NivuFlow 650.<\/li>\n<li>Hidrometr\u00eda con la m\u00e1s alta precisi\u00f3n en mediciones.<\/li>\n<li>Medici\u00f3n en aguas limpias a levemente contaminadas.<\/li>\n<li>Para mediciones de 8 pares de acuerdo con IEC 60041 (ASME PTC 18).<\/li>\n<li>Medici\u00f3n en canales abiertos y en masas de agua superficiales.<\/li>\n<li>Fabricado con materiales resistentes para utilizar en distintos medios.<\/li>\n<li>Largo del cable de hasta 100 m entre el sensor y el transmisor o la caja adaptadora.<\/li>\n<li>Los sensores hemisf\u00e9ricos NOS forman parte de un sistema de medici\u00f3n fijo para la medici\u00f3n de caudales continuos y el almacenamiento de los datos de medici\u00f3n registrados. Se pueden utilizar en medios limpios a levemente contaminados en canaletas semillenas y llenas, as\u00ed como tambi\u00e9n en canales de distintas dimensiones y formas.<\/li>\n<\/ul>\n<h3>Datos t\u00e9cnicos<\/h3>\n<div class=\"techdataset\">\n<table>\n<tbody>\n<tr>\n<th colspan=\"2\">General<\/th>\n<\/tr>\n<tr>\n<td>Principio de medici\u00f3n<\/td>\n<td>M\u00e9todo ultras\u00f3nico de tiempo de tr\u00e1nsito<\/td>\n<\/tr>\n<tr>\n<td>Incertidumbre de medici\u00f3n<\/td>\n<td>Velocidad del caudal (V promedio) \u00b1 0,1 % del valor de incertidumbre de medici\u00f3n dentro del par.<\/td>\n<\/tr>\n<tr>\n<td>Frecuencia de medici\u00f3n<\/td>\n<td>0,9 \u2013 1,2 MHz<\/td>\n<\/tr>\n<tr>\n<td>Protecci\u00f3n<\/td>\n<td>IP68<\/td>\n<\/tr>\n<tr>\n<td>Temperatura operativa<\/td>\n<td>-10 \u00b0C a +50 \u00b0C<\/td>\n<\/tr>\n<tr>\n<td>Temperatura de almacenamiento<\/td>\n<td>-20 \u00b0C a +60 \u00b0C<\/td>\n<\/tr>\n<tr>\n<td>Presi\u00f3n operativa<\/td>\n<td>m\u00e1x. 1 Bar<\/td>\n<\/tr>\n<tr>\n<td>Largos del cable<\/td>\n<td>10\/15\/20\/30\/50\/100 m preconfigurado, con toma subacu\u00e1tica para facilitar la instalaci\u00f3n.<\/td>\n<\/tr>\n<tr>\n<td><span style=\"font-weight: 400;\">Peso (cabezal del sensor)<\/span><\/td>\n<td>1.000 g aprox.<\/td>\n<\/tr>\n<tr>\n<td>Materiales que entran en contacto con el medio<\/td>\n<td>POM, carbono, acero inoxidable.<\/td>\n<\/tr>\n<\/tbody>\n<\/table>\n<\/div>\n<p>Las especificaciones est\u00e1n sujetas a cambios.<\/p>\n<h3>Descarga<\/h3>\n<ul>\n<li><a href=\"https:\/\/dos20.cl\/wp-content\/uploads\/2021\/03\/S-TT_TeBe_Rev03_en.pdf\"><b>Instrucciones T\u00e9cnicas<\/b><\/a><\/li>\n<li><a href=\"https:\/\/dos20.cl\/wp-content\/uploads\/2021\/03\/S_TT_MA_Rev03_en.pdf\"><b>Instrucciones de instalaci\u00f3n<\/b><\/a><\/li>\n<\/ul>\n","protected":false},"excerpt":{"rendered":"<h4>Para \u00e1reas de medici\u00f3n con distintas geometr\u00edas<\/h4>\n<p>Para conectar a los transmisores NivuFlow 650. Medici\u00f3n de caudal de alta precisi\u00f3n basada en el m\u00e9todo de tiempo de tr\u00e1nsito para canales y aguas abiertas, principalmente canales de aguas de procesos y masas de agua naturales.<\/p>\n","protected":false},"featured_media":16205,"template":"","meta":{"site-sidebar-layout":"default","site-content-layout":"","ast-site-content-layout":"default","site-content-style":"default","site-sidebar-style":"default","ast-global-header-display":"","ast-banner-title-visibility":"","ast-main-header-display":"","ast-hfb-above-header-display":"","ast-hfb-below-header-display":"","ast-hfb-mobile-header-display":"","site-post-title":"","ast-breadcrumbs-content":"","ast-featured-img":"","footer-sml-layout":"","theme-transparent-header-meta":"default","adv-header-id-meta":"","stick-header-meta":"","header-above-stick-meta":"","header-main-stick-meta":"","header-below-stick-meta":"","astra-migrate-meta-layouts":"set","ast-page-background-enabled":"default","ast-page-background-meta":{"desktop":{"background-color":"var(--ast-global-color-4)","background-image":"","background-repeat":"repeat","background-position":"center center","background-size":"auto","background-attachment":"scroll","background-type":"","background-media":"","overlay-type":"","overlay-color":"","overlay-opacity":"","overlay-gradient":""},"tablet":{"background-color":"","background-image":"","background-repeat":"repeat","background-position":"center center","background-size":"auto","background-attachment":"scroll","background-type":"","background-media":"","overlay-type":"","overlay-color":"","overlay-opacity":"","overlay-gradient":""},"mobile":{"background-color":"","background-image":"","background-repeat":"repeat","background-position":"center center","background-size":"auto","background-attachment":"scroll","background-type":"","background-media":"","overlay-type":"","overlay-color":"","overlay-opacity":"","overlay-gradient":""}},"ast-content-background-meta":{"desktop":{"background-color":"var(--ast-global-color-5)","background-image":"","background-repeat":"repeat","background-position":"center center","background-size":"auto","background-attachment":"scroll","background-type":"","background-media":"","overlay-type":"","overlay-color":"","overlay-opacity":"","overlay-gradient":""},"tablet":{"background-color":"var(--ast-global-color-5)","background-image":"","background-repeat":"repeat","background-position":"center center","background-size":"auto","background-attachment":"scroll","background-type":"","background-media":"","overlay-type":"","overlay-color":"","overlay-opacity":"","overlay-gradient":""},"mobile":{"background-color":"var(--ast-global-color-5)","background-image":"","background-repeat":"repeat","background-position":"center center","background-size":"auto","background-attachment":"scroll","background-type":"","background-media":"","overlay-type":"","overlay-color":"","overlay-opacity":"","overlay-gradient":""}}},"product_brand":[177],"product_cat":[49,139],"product_tag":[187,208],"class_list":{"0":"post-16203","1":"product","2":"type-product","3":"status-publish","4":"has-post-thumbnail","6":"product_brand-nivus","7":"product_cat-sensores","8":"product_cat-sensores-ultrasonicos","9":"product_tag-tiempo-de-transito","10":"product_tag-ultrasonico","11":"desktop-align-center","12":"tablet-align-left","13":"mobile-align-left","15":"first","16":"instock","17":"shipping-taxable","18":"purchasable","19":"product-type-simple"},"_links":{"self":[{"href":"https:\/\/dos20.cl\/index.php?rest_route=\/wp\/v2\/product\/16203","targetHints":{"allow":["GET"]}}],"collection":[{"href":"https:\/\/dos20.cl\/index.php?rest_route=\/wp\/v2\/product"}],"about":[{"href":"https:\/\/dos20.cl\/index.php?rest_route=\/wp\/v2\/types\/product"}],"wp:featuredmedia":[{"embeddable":true,"href":"https:\/\/dos20.cl\/index.php?rest_route=\/wp\/v2\/media\/16205"}],"wp:attachment":[{"href":"https:\/\/dos20.cl\/index.php?rest_route=%2Fwp%2Fv2%2Fmedia&parent=16203"}],"wp:term":[{"taxonomy":"product_brand","embeddable":true,"href":"https:\/\/dos20.cl\/index.php?rest_route=%2Fwp%2Fv2%2Fproduct_brand&post=16203"},{"taxonomy":"product_cat","embeddable":true,"href":"https:\/\/dos20.cl\/index.php?rest_route=%2Fwp%2Fv2%2Fproduct_cat&post=16203"},{"taxonomy":"product_tag","embeddable":true,"href":"https:\/\/dos20.cl\/index.php?rest_route=%2Fwp%2Fv2%2Fproduct_tag&post=16203"}],"curies":[{"name":"wp","href":"https:\/\/api.w.org\/{rel}","templated":true}]}}