{"id":16005,"date":"2021-02-16T17:31:38","date_gmt":"2021-02-16T17:31:38","guid":{"rendered":"https:\/\/dos20.cl\/?post_type=product&#038;p=16005"},"modified":"2026-03-18T12:10:55","modified_gmt":"2026-03-18T12:10:55","slug":"serie-33x","status":"publish","type":"product","link":"https:\/\/dos20.cl\/?product=serie-33x","title":{"rendered":"\ud83c\udde8\ud83c\udded KELLER\u00ae Sensor de presi\u00f3n est\u00e1ndar Serie 33X"},"content":{"rendered":"<p>Los transmisores de presi\u00f3n de la serie 33X alcanzan, gracias a la compensaci\u00f3n digital con un modelo matem\u00e1tico, un nivel de precisi\u00f3n extremo de 0,05 %FE, un valor que en un rango de temperatura de entre 10 y 40 \u00b0C equivale incluso a la banda de error total.<\/p>\n<p>Opcionalmente, mediante selecci\u00f3n y mediciones adicionales, se puede ofrecer una exactitud (y si se calibra en un laboratorio de ensayos acreditado, incluso una precisi\u00f3n) de 0,01 %FE.<\/p>\n<p>Adem\u00e1s de la interfaz RS-485 digital, los transmisores de la gama X cuentan con una salida anal\u00f3gica de corriente o tensi\u00f3n escalable.<\/p>\n<p>&nbsp;<\/p>\n<p><iframe title=\"YouTube video player\" src=\"https:\/\/www.youtube.com\/embed\/9rOKa8G3f7I\" width=\"560\" height=\"315\" frameborder=\"0\" allowfullscreen=\"allowfullscreen\"><\/iframe><\/p>\n","protected":false},"excerpt":{"rendered":"<p>Los transmisores de presi\u00f3n de la serie 33X alcanzan, gracias a la compensaci\u00f3n digital con un modelo matem\u00e1tico, un nivel de precisi\u00f3n extremo de 0,05 %FE, un valor que en un rango de temperatura de entre 10 y 40 \u00b0C equivale incluso a la banda de error total.<\/p>\n<p>Opcionalmente, mediante selecci\u00f3n y mediciones adicionales, se puede ofrecer una exactitud (y si se calibra en un laboratorio de ensayos acreditado, incluso una precisi\u00f3n) de 0,01 %FE.<\/p>\n<p>Adem\u00e1s de la interfaz RS-485 digital, los transmisores de la gama X cuentan con una salida anal\u00f3gica de corriente o tensi\u00f3n escalable.<\/p>\n","protected":false},"featured_media":16013,"template":"","meta":{"site-sidebar-layout":"default","site-content-layout":"","ast-site-content-layout":"default","site-content-style":"default","site-sidebar-style":"default","ast-global-header-display":"","ast-banner-title-visibility":"","ast-main-header-display":"","ast-hfb-above-header-display":"","ast-hfb-below-header-display":"","ast-hfb-mobile-header-display":"","site-post-title":"","ast-breadcrumbs-content":"","ast-featured-img":"","footer-sml-layout":"","theme-transparent-header-meta":"default","adv-header-id-meta":"","stick-header-meta":"","header-above-stick-meta":"","header-main-stick-meta":"","header-below-stick-meta":"","astra-migrate-meta-layouts":"set","ast-page-background-enabled":"default","ast-page-background-meta":{"desktop":{"background-color":"var(--ast-global-color-4)","background-image":"","background-repeat":"repeat","background-position":"center center","background-size":"auto","background-attachment":"scroll","background-type":"","background-media":"","overlay-type":"","overlay-color":"","overlay-opacity":"","overlay-gradient":""},"tablet":{"background-color":"","background-image":"","background-repeat":"repeat","background-position":"center center","background-size":"auto","background-attachment":"scroll","background-type":"","background-media":"","overlay-type":"","overlay-color":"","overlay-opacity":"","overlay-gradient":""},"mobile":{"background-color":"","background-image":"","background-repeat":"repeat","background-position":"center center","background-size":"auto","background-attachment":"scroll","background-type":"","background-media":"","overlay-type":"","overlay-color":"","overlay-opacity":"","overlay-gradient":""}},"ast-content-background-meta":{"desktop":{"background-color":"var(--ast-global-color-5)","background-image":"","background-repeat":"repeat","background-position":"center center","background-size":"auto","background-attachment":"scroll","background-type":"","background-media":"","overlay-type":"","overlay-color":"","overlay-opacity":"","overlay-gradient":""},"tablet":{"background-color":"var(--ast-global-color-5)","background-image":"","background-repeat":"repeat","background-position":"center center","background-size":"auto","background-attachment":"scroll","background-type":"","background-media":"","overlay-type":"","overlay-color":"","overlay-opacity":"","overlay-gradient":""},"mobile":{"background-color":"var(--ast-global-color-5)","background-image":"","background-repeat":"repeat","background-position":"center center","background-size":"auto","background-attachment":"scroll","background-type":"","background-media":"","overlay-type":"","overlay-color":"","overlay-opacity":"","overlay-gradient":""}}},"product_brand":[170],"product_cat":[49,145],"product_tag":[163],"class_list":{"0":"post-16005","1":"product","2":"type-product","3":"status-publish","4":"has-post-thumbnail","6":"product_brand-keller","7":"product_cat-sensores","8":"product_cat-transmisores-de-presion","9":"product_tag-sensor-de-presion","10":"desktop-align-center","11":"tablet-align-left","12":"mobile-align-left","14":"first","15":"instock","16":"shipping-taxable","17":"purchasable","18":"product-type-simple"},"_links":{"self":[{"href":"https:\/\/dos20.cl\/index.php?rest_route=\/wp\/v2\/product\/16005","targetHints":{"allow":["GET"]}}],"collection":[{"href":"https:\/\/dos20.cl\/index.php?rest_route=\/wp\/v2\/product"}],"about":[{"href":"https:\/\/dos20.cl\/index.php?rest_route=\/wp\/v2\/types\/product"}],"wp:featuredmedia":[{"embeddable":true,"href":"https:\/\/dos20.cl\/index.php?rest_route=\/wp\/v2\/media\/16013"}],"wp:attachment":[{"href":"https:\/\/dos20.cl\/index.php?rest_route=%2Fwp%2Fv2%2Fmedia&parent=16005"}],"wp:term":[{"taxonomy":"product_brand","embeddable":true,"href":"https:\/\/dos20.cl\/index.php?rest_route=%2Fwp%2Fv2%2Fproduct_brand&post=16005"},{"taxonomy":"product_cat","embeddable":true,"href":"https:\/\/dos20.cl\/index.php?rest_route=%2Fwp%2Fv2%2Fproduct_cat&post=16005"},{"taxonomy":"product_tag","embeddable":true,"href":"https:\/\/dos20.cl\/index.php?rest_route=%2Fwp%2Fv2%2Fproduct_tag&post=16005"}],"curies":[{"name":"wp","href":"https:\/\/api.w.org\/{rel}","templated":true}]}}