{"id":15798,"date":"2021-01-03T23:42:49","date_gmt":"2021-01-03T23:42:49","guid":{"rendered":"https:\/\/dos20.cl\/?post_type=product&#038;p=15798"},"modified":"2026-03-18T12:52:17","modified_gmt":"2026-03-18T12:52:17","slug":"dcx-25pvdf","status":"publish","type":"product","link":"https:\/\/dos20.cl\/?product=dcx-25pvdf","title":{"rendered":"\ud83c\udde8\ud83c\udded KELLER\u00ae Datalogger DCX-25PVDF Sensor aut\u00f3nomo para l\u00edquidos agresivos"},"content":{"rendered":"<section id=\"2\" class=\"TextPart container\" data-v-32aeed50=\"\">\n<div class=\"row\" data-v-32aeed50=\"\">\n<div class=\"col-lg-8 offset-lg-2\" data-v-32aeed50=\"\">\n<div data-v-32aeed50=\"\">\n<p>Los\u00a0<span class=\"info\" data-link=\"Datenlogger\">registradores de datos<\/span>\u00a0DCX-25PVDF se dise\u00f1aron especialmente para ser utilizados en l\u00edquidos agresivos, como aguas salobres y residuales. La carcasa est\u00e1 fabricada en fluoruro de polivinilideno y el\u00a0<span class=\"info\" data-link=\"Druckaufnehmer\">transductor de presi\u00f3n<\/span>\u00a0incorporado est\u00e1 disponible en aleaci\u00f3n Hastelloy C-276 o titanio 6AL-4V. Gracias a la larga vida \u00fatil de la bater\u00eda, el nivel o la presi\u00f3n del agua y la temperatura se pueden grabar durante a\u00f1os (hasta diez a\u00f1os si se realiza una medici\u00f3n cada hora). Con el software facilitado es posible configurar el registrador (intervalo de medici\u00f3n, control de eventos, inicio retardado de la medici\u00f3n, etc.) y los datos le\u00eddos pueden representarse c\u00f3modamente de forma gr\u00e1fica, corregirse con\u00a0<span class=\"info\" data-link=\"Barometrischer Druck, Luftdruck\">valores de presi\u00f3n atmosf\u00e9rica<\/span>, convertirse a niveles de llenado o a otras unidades y exportarse.<\/p>\n<\/div>\n<\/div>\n<\/div>\n<\/section>\n<section id=\"3\" class=\"ProductFiles container mt-4 pb-2\" data-v-31b20f25=\"\">\n<div class=\"row\" data-v-31b20f25=\"\">\n<div class=\"col-lg-8 col-lg-8 offset-lg-2\" data-v-31b20f25=\"\"><\/div>\n<\/div>\n<\/section>\n","protected":false},"excerpt":{"rendered":"<p>Los\u00a0registradores de datos\u00a0DCX-25PVDF se dise\u00f1aron especialmente para ser utilizados en l\u00edquidos agresivos, como aguas salobres y residuales. La carcasa est\u00e1 [&hellip;]<\/p>\n","protected":false},"featured_media":15801,"template":"","meta":{"site-sidebar-layout":"default","site-content-layout":"","ast-site-content-layout":"default","site-content-style":"default","site-sidebar-style":"default","ast-global-header-display":"","ast-banner-title-visibility":"","ast-main-header-display":"","ast-hfb-above-header-display":"","ast-hfb-below-header-display":"","ast-hfb-mobile-header-display":"","site-post-title":"","ast-breadcrumbs-content":"","ast-featured-img":"","footer-sml-layout":"","theme-transparent-header-meta":"default","adv-header-id-meta":"","stick-header-meta":"","header-above-stick-meta":"","header-main-stick-meta":"","header-below-stick-meta":"","astra-migrate-meta-layouts":"set","ast-page-background-enabled":"default","ast-page-background-meta":{"desktop":{"background-color":"var(--ast-global-color-4)","background-image":"","background-repeat":"repeat","background-position":"center center","background-size":"auto","background-attachment":"scroll","background-type":"","background-media":"","overlay-type":"","overlay-color":"","overlay-opacity":"","overlay-gradient":""},"tablet":{"background-color":"","background-image":"","background-repeat":"repeat","background-position":"center center","background-size":"auto","background-attachment":"scroll","background-type":"","background-media":"","overlay-type":"","overlay-color":"","overlay-opacity":"","overlay-gradient":""},"mobile":{"background-color":"","background-image":"","background-repeat":"repeat","background-position":"center center","background-size":"auto","background-attachment":"scroll","background-type":"","background-media":"","overlay-type":"","overlay-color":"","overlay-opacity":"","overlay-gradient":""}},"ast-content-background-meta":{"desktop":{"background-color":"var(--ast-global-color-5)","background-image":"","background-repeat":"repeat","background-position":"center center","background-size":"auto","background-attachment":"scroll","background-type":"","background-media":"","overlay-type":"","overlay-color":"","overlay-opacity":"","overlay-gradient":""},"tablet":{"background-color":"var(--ast-global-color-5)","background-image":"","background-repeat":"repeat","background-position":"center center","background-size":"auto","background-attachment":"scroll","background-type":"","background-media":"","overlay-type":"","overlay-color":"","overlay-opacity":"","overlay-gradient":""},"mobile":{"background-color":"var(--ast-global-color-5)","background-image":"","background-repeat":"repeat","background-position":"center center","background-size":"auto","background-attachment":"scroll","background-type":"","background-media":"","overlay-type":"","overlay-color":"","overlay-opacity":"","overlay-gradient":""}}},"product_brand":[170],"product_cat":[84,49],"product_tag":[157,246,163],"class_list":{"0":"post-15798","1":"product","2":"type-product","3":"status-publish","4":"has-post-thumbnail","6":"product_brand-keller","7":"product_cat-registrador-de-datos-datalogger","8":"product_cat-sensores","9":"product_tag-autonomo","10":"product_tag-liquidos-agresivos","11":"product_tag-sensor-de-presion","12":"desktop-align-center","13":"tablet-align-left","14":"mobile-align-left","16":"first","17":"instock","18":"shipping-taxable","19":"purchasable","20":"product-type-simple"},"_links":{"self":[{"href":"https:\/\/dos20.cl\/index.php?rest_route=\/wp\/v2\/product\/15798","targetHints":{"allow":["GET"]}}],"collection":[{"href":"https:\/\/dos20.cl\/index.php?rest_route=\/wp\/v2\/product"}],"about":[{"href":"https:\/\/dos20.cl\/index.php?rest_route=\/wp\/v2\/types\/product"}],"wp:featuredmedia":[{"embeddable":true,"href":"https:\/\/dos20.cl\/index.php?rest_route=\/wp\/v2\/media\/15801"}],"wp:attachment":[{"href":"https:\/\/dos20.cl\/index.php?rest_route=%2Fwp%2Fv2%2Fmedia&parent=15798"}],"wp:term":[{"taxonomy":"product_brand","embeddable":true,"href":"https:\/\/dos20.cl\/index.php?rest_route=%2Fwp%2Fv2%2Fproduct_brand&post=15798"},{"taxonomy":"product_cat","embeddable":true,"href":"https:\/\/dos20.cl\/index.php?rest_route=%2Fwp%2Fv2%2Fproduct_cat&post=15798"},{"taxonomy":"product_tag","embeddable":true,"href":"https:\/\/dos20.cl\/index.php?rest_route=%2Fwp%2Fv2%2Fproduct_tag&post=15798"}],"curies":[{"name":"wp","href":"https:\/\/api.w.org\/{rel}","templated":true}]}}