{"id":15471,"date":"2020-03-05T03:05:30","date_gmt":"2020-03-05T03:05:30","guid":{"rendered":"https:\/\/dos20.cl\/?post_type=product&#038;p=15471"},"modified":"2026-03-18T11:58:37","modified_gmt":"2026-03-18T11:58:37","slug":"flux-rb10","status":"publish","type":"product","link":"https:\/\/dos20.cl\/?product=flux-rb10","title":{"rendered":"\ud83c\udde8\ud83c\uddf1 Equipo de telemetr\u00eda FLUX\u00ae RB10"},"content":{"rendered":"<p>El Equipo de Telemetr\u00eda FLUX RB10, es la soluci\u00f3n ideal para obtener datos en puntos de medici\u00f3n aislados. Es un equipo dise\u00f1ado para tener un muy bajo consumo, apagando funciones que demandan mayor cantidad de energ\u00eda cuando no se necesitan, lo que permite que tenga un uso m\u00e1s eficiente de la bater\u00eda de Litio-Ion, la cual es alimentada con una peque\u00f1a placa fotovoltaica.<\/p>\n<p>El Equipo de Telemetr\u00eda FLUX RB10 env\u00eda los datos capturados hasta un equipo que los concentra, el cual har\u00e1 uso de la informaci\u00f3n obtenida. Por lo anterior, el Equipo de Telemetr\u00eda FLUX RB10 es ideal para aquellas aplicaciones situadas en lugares en donde no se cuenta con alimentaci\u00f3n el\u00e9ctrica. Adem\u00e1s, por su peque\u00f1o tama\u00f1o es un equipo que no llama la atenci\u00f3n y reduce las posibilidades de da\u00f1os por vandalismo.<\/p>\n<p>Si necesita transmitir una se\u00f1al anal\u00f3gica como nivel, temperatura, presi\u00f3n o cualquier otra desde un lugar que est\u00e1 a una distancia considerable el FLUX RB10 en combinaci\u00f3n con el FLUX CN1 o el FLUX CT70, es la opci\u00f3n perfecta.<\/p>\n<p>Por otro lado, el FLUX RB10 hace las veces de FLUX REPETIDOR, siendo la soluci\u00f3n en telemetr\u00eda para lugares con geograf\u00eda complicada y puntos de comunicaci\u00f3n sin l\u00ednea vista entre ellos, contando con su propio sistema de alimentaci\u00f3n en base a peque\u00f1as placas fotovoltaicas.<\/p>\n<p>El equipo FLUX REPETIDOR logra comunicar puntos muy distantes sin problemas, siendo la soluci\u00f3n perfecta para cubrir grandes distancias sin necesidad de cableado.<\/p>\n","protected":false},"excerpt":{"rendered":"<p>El Equipo de Telemetr\u00eda FLUX RB10, es la soluci\u00f3n ideal para obtener datos en puntos de medici\u00f3n aislados. Es un equipo dise\u00f1ado para tener un muy bajo consumo, apagando funciones que demandan mayor cantidad de energ\u00eda cuando no se necesitan, lo que permite que tenga un uso m\u00e1s eficiente de la bater\u00eda de Litio-Ion, la cual es alimentada con una peque\u00f1a placa fotovoltaica.<\/p>\n<p>El Equipo de Telemetr\u00eda FLUX RB10 env\u00eda los datos capturados hasta un equipo que los concentra, el cual har\u00e1 uso de la informaci\u00f3n obtenida. Por lo anterior, el Equipo de Telemetr\u00eda FLUX RB10 es ideal para aquellas aplicaciones situadas en lugares en donde no se cuenta con alimentaci\u00f3n el\u00e9ctrica.<\/p>\n<p><strong>Por su peque\u00f1o tama\u00f1o es un equipo que no llama la atenci\u00f3n y reduce las posibilidades de da\u00f1os por vandalismo.<\/strong><\/p>\n","protected":false},"featured_media":18000,"template":"","meta":{"site-sidebar-layout":"default","site-content-layout":"","ast-site-content-layout":"default","site-content-style":"default","site-sidebar-style":"default","ast-global-header-display":"","ast-banner-title-visibility":"","ast-main-header-display":"","ast-hfb-above-header-display":"","ast-hfb-below-header-display":"","ast-hfb-mobile-header-display":"","site-post-title":"","ast-breadcrumbs-content":"","ast-featured-img":"","footer-sml-layout":"","theme-transparent-header-meta":"default","adv-header-id-meta":"","stick-header-meta":"","header-above-stick-meta":"","header-main-stick-meta":"","header-below-stick-meta":"","astra-migrate-meta-layouts":"set","ast-page-background-enabled":"default","ast-page-background-meta":{"desktop":{"background-color":"var(--ast-global-color-4)","background-image":"","background-repeat":"repeat","background-position":"center center","background-size":"auto","background-attachment":"scroll","background-type":"","background-media":"","overlay-type":"","overlay-color":"","overlay-opacity":"","overlay-gradient":""},"tablet":{"background-color":"","background-image":"","background-repeat":"repeat","background-position":"center center","background-size":"auto","background-attachment":"scroll","background-type":"","background-media":"","overlay-type":"","overlay-color":"","overlay-opacity":"","overlay-gradient":""},"mobile":{"background-color":"","background-image":"","background-repeat":"repeat","background-position":"center center","background-size":"auto","background-attachment":"scroll","background-type":"","background-media":"","overlay-type":"","overlay-color":"","overlay-opacity":"","overlay-gradient":""}},"ast-content-background-meta":{"desktop":{"background-color":"var(--ast-global-color-5)","background-image":"","background-repeat":"repeat","background-position":"center center","background-size":"auto","background-attachment":"scroll","background-type":"","background-media":"","overlay-type":"","overlay-color":"","overlay-opacity":"","overlay-gradient":""},"tablet":{"background-color":"var(--ast-global-color-5)","background-image":"","background-repeat":"repeat","background-position":"center center","background-size":"auto","background-attachment":"scroll","background-type":"","background-media":"","overlay-type":"","overlay-color":"","overlay-opacity":"","overlay-gradient":""},"mobile":{"background-color":"var(--ast-global-color-5)","background-image":"","background-repeat":"repeat","background-position":"center center","background-size":"auto","background-attachment":"scroll","background-type":"","background-media":"","overlay-type":"","overlay-color":"","overlay-opacity":"","overlay-gradient":""}}},"product_brand":[178],"product_cat":[51,48,127,144],"product_tag":[185,157,193,191,194,192],"class_list":{"0":"post-15471","1":"product","2":"type-product","3":"status-publish","4":"has-post-thumbnail","6":"product_brand-flux","7":"product_cat-dispositivos-de-control","8":"product_cat-equipos-de-telemetria-flux","9":"product_cat-telemetria-medicion","10":"product_cat-telemetria","11":"product_tag-automatizacion","12":"product_tag-autonomo","13":"product_tag-eficiencia","14":"product_tag-medidor","15":"product_tag-repetidor","16":"product_tag-telemetria","17":"desktop-align-center","18":"tablet-align-left","19":"mobile-align-left","21":"first","22":"instock","23":"shipping-taxable","24":"purchasable","25":"product-type-simple"},"_links":{"self":[{"href":"https:\/\/dos20.cl\/index.php?rest_route=\/wp\/v2\/product\/15471","targetHints":{"allow":["GET"]}}],"collection":[{"href":"https:\/\/dos20.cl\/index.php?rest_route=\/wp\/v2\/product"}],"about":[{"href":"https:\/\/dos20.cl\/index.php?rest_route=\/wp\/v2\/types\/product"}],"wp:featuredmedia":[{"embeddable":true,"href":"https:\/\/dos20.cl\/index.php?rest_route=\/wp\/v2\/media\/18000"}],"wp:attachment":[{"href":"https:\/\/dos20.cl\/index.php?rest_route=%2Fwp%2Fv2%2Fmedia&parent=15471"}],"wp:term":[{"taxonomy":"product_brand","embeddable":true,"href":"https:\/\/dos20.cl\/index.php?rest_route=%2Fwp%2Fv2%2Fproduct_brand&post=15471"},{"taxonomy":"product_cat","embeddable":true,"href":"https:\/\/dos20.cl\/index.php?rest_route=%2Fwp%2Fv2%2Fproduct_cat&post=15471"},{"taxonomy":"product_tag","embeddable":true,"href":"https:\/\/dos20.cl\/index.php?rest_route=%2Fwp%2Fv2%2Fproduct_tag&post=15471"}],"curies":[{"name":"wp","href":"https:\/\/api.w.org\/{rel}","templated":true}]}}