{"id":15287,"date":"2020-03-04T19:40:21","date_gmt":"2020-03-04T19:40:21","guid":{"rendered":"https:\/\/dos20.cl\/?post_type=product&#038;p=15287"},"modified":"2026-03-18T11:58:47","modified_gmt":"2026-03-18T11:58:47","slug":"flux-rb200","status":"publish","type":"product","link":"https:\/\/dos20.cl\/?product=flux-rb200","title":{"rendered":"\ud83c\udde8\ud83c\uddf1 Equipo de telemetr\u00eda FLUX\u00ae RB200"},"content":{"rendered":"<p>El equipo de Telemetr\u00eda FLUX RB200 recopila los datos fundamentales de los procesos para que sean visualizados de manera local en su pantalla touch, y los env\u00eda mediante la red de telefon\u00eda celular a la plataforma alemana de eficiencia energ\u00e9tica e h\u00eddrica deZem, pudiendo monitorearse las distintas variables mediante cualquier dispositivo electr\u00f3nico con internet (computador, celular, tablet).<\/p>\n<p>Adem\u00e1s, dependiendo de las necesidades de cada proyecto, puede enviarse la informaci\u00f3n a otra plataforma de monitoreo de datos, como por ejemplo la plataforma de la Direcci\u00f3n General de Aguas (DGA).<\/p>\n<p>Para que no existan p\u00e9rdidas en el env\u00edo de la informaci\u00f3n producto de inestabilidades posibles en la red de telefon\u00eda celular, el FLUX RB200 cuenta con la funcionalidad de datalogger, es decir almacena de manera interna la informaci\u00f3n que no pudo ser enviada producto de alguna inestabilidad para luego transmitirla con su respectiva fecha y hora, evitando as\u00ed las temidas lagunas de datos.<\/p>\n<p>Es posible monitorear cualquier par\u00e1metro que sea medido por un sensor electr\u00f3nico y que tenga salida anal\u00f3gica o digital, por ejemplo:<\/p>\n<ul>\n<li>Temperatura<\/li>\n<li>Humedad<\/li>\n<li>Nivel<\/li>\n<li>pH<\/li>\n<li>Conductividad<\/li>\n<li>Corriente<\/li>\n<li>Voltaje<\/li>\n<li>Flujo<\/li>\n<li>Volumen<\/li>\n<li>Presi\u00f3n<\/li>\n<\/ul>\n","protected":false},"excerpt":{"rendered":"<p>El equipo de Telemetr\u00eda FLUX RB200 recopila los datos fundamentales de los procesos para que sean visualizados de manera local en su pantalla touch, y los env\u00eda mediante la red de telefon\u00eda celular a la plataforma alemana de eficiencia energ\u00e9tica e h\u00eddrica deZem, pudiendo monitorearse las distintas variables mediante cualquier dispositivo electr\u00f3nico con internet (computador, celular, tablet).<\/p>\n<p>Es posible monitorear cualquier par\u00e1metro que sea medido por un sensor electr\u00f3nico y que tenga salida anal\u00f3gica o digital, por ejemplo:<\/p>\n<ul>\n<li>Temperatura<\/li>\n<li>Humedad<\/li>\n<li>Nivel<\/li>\n<li>pH<\/li>\n<li>Conductividad<\/li>\n<li>Corriente<\/li>\n<li>Voltaje<\/li>\n<li>Flujo<\/li>\n<li>Volumen<\/li>\n<li>Presi\u00f3n<\/li>\n<\/ul>\n","protected":false},"featured_media":17846,"template":"","meta":{"site-sidebar-layout":"default","site-content-layout":"","ast-site-content-layout":"default","site-content-style":"default","site-sidebar-style":"default","ast-global-header-display":"","ast-banner-title-visibility":"","ast-main-header-display":"","ast-hfb-above-header-display":"","ast-hfb-below-header-display":"","ast-hfb-mobile-header-display":"","site-post-title":"","ast-breadcrumbs-content":"","ast-featured-img":"","footer-sml-layout":"","theme-transparent-header-meta":"default","adv-header-id-meta":"","stick-header-meta":"","header-above-stick-meta":"","header-main-stick-meta":"","header-below-stick-meta":"","astra-migrate-meta-layouts":"set","ast-page-background-enabled":"default","ast-page-background-meta":{"desktop":{"background-color":"var(--ast-global-color-4)","background-image":"","background-repeat":"repeat","background-position":"center center","background-size":"auto","background-attachment":"scroll","background-type":"","background-media":"","overlay-type":"","overlay-color":"","overlay-opacity":"","overlay-gradient":""},"tablet":{"background-color":"","background-image":"","background-repeat":"repeat","background-position":"center center","background-size":"auto","background-attachment":"scroll","background-type":"","background-media":"","overlay-type":"","overlay-color":"","overlay-opacity":"","overlay-gradient":""},"mobile":{"background-color":"","background-image":"","background-repeat":"repeat","background-position":"center center","background-size":"auto","background-attachment":"scroll","background-type":"","background-media":"","overlay-type":"","overlay-color":"","overlay-opacity":"","overlay-gradient":""}},"ast-content-background-meta":{"desktop":{"background-color":"var(--ast-global-color-5)","background-image":"","background-repeat":"repeat","background-position":"center center","background-size":"auto","background-attachment":"scroll","background-type":"","background-media":"","overlay-type":"","overlay-color":"","overlay-opacity":"","overlay-gradient":""},"tablet":{"background-color":"var(--ast-global-color-5)","background-image":"","background-repeat":"repeat","background-position":"center center","background-size":"auto","background-attachment":"scroll","background-type":"","background-media":"","overlay-type":"","overlay-color":"","overlay-opacity":"","overlay-gradient":""},"mobile":{"background-color":"var(--ast-global-color-5)","background-image":"","background-repeat":"repeat","background-position":"center center","background-size":"auto","background-attachment":"scroll","background-type":"","background-media":"","overlay-type":"","overlay-color":"","overlay-opacity":"","overlay-gradient":""}}},"product_brand":[178],"product_cat":[48,127,144],"product_tag":[157,156,198,197,199,200,192],"class_list":{"0":"post-15287","1":"product","2":"type-product","3":"status-publish","4":"has-post-thumbnail","6":"product_brand-flux","7":"product_cat-equipos-de-telemetria-flux","8":"product_cat-telemetria-medicion","9":"product_cat-telemetria","10":"product_tag-autonomo","11":"product_tag-datalogger","12":"product_tag-medicion","13":"product_tag-monitoreo","14":"product_tag-servicio-sanitario-rural","15":"product_tag-ssr","16":"product_tag-telemetria","17":"desktop-align-center","18":"tablet-align-left","19":"mobile-align-left","21":"first","22":"instock","23":"featured","24":"shipping-taxable","25":"purchasable","26":"product-type-simple"},"_links":{"self":[{"href":"https:\/\/dos20.cl\/index.php?rest_route=\/wp\/v2\/product\/15287","targetHints":{"allow":["GET"]}}],"collection":[{"href":"https:\/\/dos20.cl\/index.php?rest_route=\/wp\/v2\/product"}],"about":[{"href":"https:\/\/dos20.cl\/index.php?rest_route=\/wp\/v2\/types\/product"}],"wp:featuredmedia":[{"embeddable":true,"href":"https:\/\/dos20.cl\/index.php?rest_route=\/wp\/v2\/media\/17846"}],"wp:attachment":[{"href":"https:\/\/dos20.cl\/index.php?rest_route=%2Fwp%2Fv2%2Fmedia&parent=15287"}],"wp:term":[{"taxonomy":"product_brand","embeddable":true,"href":"https:\/\/dos20.cl\/index.php?rest_route=%2Fwp%2Fv2%2Fproduct_brand&post=15287"},{"taxonomy":"product_cat","embeddable":true,"href":"https:\/\/dos20.cl\/index.php?rest_route=%2Fwp%2Fv2%2Fproduct_cat&post=15287"},{"taxonomy":"product_tag","embeddable":true,"href":"https:\/\/dos20.cl\/index.php?rest_route=%2Fwp%2Fv2%2Fproduct_tag&post=15287"}],"curies":[{"name":"wp","href":"https:\/\/api.w.org\/{rel}","templated":true}]}}