{"id":15270,"date":"2020-03-04T19:25:25","date_gmt":"2020-03-04T19:25:25","guid":{"rendered":"https:\/\/dos20.cl\/?post_type=product&#038;p=15270"},"modified":"2026-04-09T16:38:01","modified_gmt":"2026-04-09T16:38:01","slug":"mag-b2","status":"publish","type":"product","link":"https:\/\/dos20.cl\/?product=mag-b2","title":{"rendered":"\ud83c\udde8\ud83c\uddff ARKON\u00ae Fluj\u00f3metro Electromagn\u00e9tico con Bater\u00eda MAGB2"},"content":{"rendered":"<p>Es el nuevo fluj\u00f3metro electromagn\u00e9tico con bater\u00eda MAGB2 de Arkon, ofrece una precisi\u00f3n de \u00b10.5% del valor real para tama\u00f1os de hasta 150[mm] y de \u00b12% del valor real para los tama\u00f1os m\u00e1s grandes. Esto hace posible la instalaci\u00f3n de este fluj\u00f3metro electromagn\u00e9tico de alta precisi\u00f3n pr\u00e1cticamente en cualquier lugar, sin sacrificar la precisi\u00f3n de los resultados, as\u00ed como su funcionamiento, si no hay fuentes de alimentaci\u00f3n disponibles.<\/p>\n<p>El MAGB2 es un medidor de flujo electromagn\u00e9tico alimentado por bater\u00eda que est\u00e1 certificado de acuerdo con la Directiva de Instrumentos de Medici\u00f3n (MID) y la Organizaci\u00f3n Internacional de Metrolog\u00eda Legal (OIML) Se alimenta por 2 bater\u00edas de litio de 3.6V instaladas en el interior del transmisor. La duraci\u00f3n optimizada de las bater\u00edas es de hasta 5 a\u00f1os.<\/p>\n<p>La comunicaci\u00f3n se realiza a trav\u00e9s de USB utilizando el protocolo MODBUS RTU.<\/p>\n<p>Se ofrece en versi\u00f3n compacta o remota (la longitud del cable m\u00e1xima para la versi\u00f3n remota es de 6 metros), adem\u00e1s la bater\u00eda se conserva cuando la tuber\u00eda esta vac\u00eda.<\/p>\n<p><strong>Este fluj\u00f3metro cumple con la nueva normativa de medici\u00f3n de extracci\u00f3n de aguas de la Direcci\u00f3n General de Aguas (DGA).<\/strong><\/p>\n","protected":false},"excerpt":{"rendered":"<p>Es el nuevo fluj\u00f3metro aut\u00f3nomo electromagn\u00e9tico MAGB2 de Arkon alimentado a bater\u00eda, ofrece una precisi\u00f3n de \u00b10.5% del valor real para tama\u00f1os de hasta 150[mm] y de \u00b12% del valor real para los tama\u00f1os m\u00e1s grandes. Esto hace posible la instalaci\u00f3n de este fluj\u00f3metro electromagn\u00e9tico de alta precisi\u00f3n pr\u00e1cticamente en cualquier lugar, sin sacrificar la precisi\u00f3n de los resultados, as\u00ed como su funcionamiento, si no hay fuentes de alimentaci\u00f3n disponibles.<\/p>\n<p><strong>Este fluj\u00f3metro cumple con la nueva normativa de medici\u00f3n de extracci\u00f3n de aguas de la Direcci\u00f3n General de Aguas (DGA).\u00a0<\/strong><\/p>\n<p>&nbsp;<\/p>\n","protected":false},"featured_media":17939,"template":"","meta":{"site-sidebar-layout":"default","site-content-layout":"","ast-site-content-layout":"default","site-content-style":"default","site-sidebar-style":"default","ast-global-header-display":"","ast-banner-title-visibility":"","ast-main-header-display":"","ast-hfb-above-header-display":"","ast-hfb-below-header-display":"","ast-hfb-mobile-header-display":"","site-post-title":"","ast-breadcrumbs-content":"","ast-featured-img":"","footer-sml-layout":"","theme-transparent-header-meta":"default","adv-header-id-meta":"","stick-header-meta":"","header-above-stick-meta":"","header-main-stick-meta":"","header-below-stick-meta":"","astra-migrate-meta-layouts":"set","ast-page-background-enabled":"default","ast-page-background-meta":{"desktop":{"background-color":"var(--ast-global-color-4)","background-image":"","background-repeat":"repeat","background-position":"center center","background-size":"auto","background-attachment":"scroll","background-type":"","background-media":"","overlay-type":"","overlay-color":"","overlay-opacity":"","overlay-gradient":""},"tablet":{"background-color":"","background-image":"","background-repeat":"repeat","background-position":"center center","background-size":"auto","background-attachment":"scroll","background-type":"","background-media":"","overlay-type":"","overlay-color":"","overlay-opacity":"","overlay-gradient":""},"mobile":{"background-color":"","background-image":"","background-repeat":"repeat","background-position":"center center","background-size":"auto","background-attachment":"scroll","background-type":"","background-media":"","overlay-type":"","overlay-color":"","overlay-opacity":"","overlay-gradient":""}},"ast-content-background-meta":{"desktop":{"background-color":"var(--ast-global-color-5)","background-image":"","background-repeat":"repeat","background-position":"center center","background-size":"auto","background-attachment":"scroll","background-type":"","background-media":"","overlay-type":"","overlay-color":"","overlay-opacity":"","overlay-gradient":""},"tablet":{"background-color":"var(--ast-global-color-5)","background-image":"","background-repeat":"repeat","background-position":"center center","background-size":"auto","background-attachment":"scroll","background-type":"","background-media":"","overlay-type":"","overlay-color":"","overlay-opacity":"","overlay-gradient":""},"mobile":{"background-color":"var(--ast-global-color-5)","background-image":"","background-repeat":"repeat","background-position":"center center","background-size":"auto","background-attachment":"scroll","background-type":"","background-media":"","overlay-type":"","overlay-color":"","overlay-opacity":"","overlay-gradient":""}}},"product_brand":[169],"product_cat":[47,53],"product_tag":[157,161,160,162],"class_list":{"0":"post-15270","1":"product","2":"type-product","3":"status-publish","4":"has-post-thumbnail","6":"product_brand-arkon","7":"product_cat-flujometros","8":"product_cat-flujometros-electromagneticos","9":"product_tag-autonomo","10":"product_tag-caudalimetro","11":"product_tag-flujometro","12":"product_tag-macromedidor","13":"desktop-align-center","14":"tablet-align-left","15":"mobile-align-left","17":"first","18":"instock","19":"shipping-taxable","20":"purchasable","21":"product-type-simple"},"_links":{"self":[{"href":"https:\/\/dos20.cl\/index.php?rest_route=\/wp\/v2\/product\/15270","targetHints":{"allow":["GET"]}}],"collection":[{"href":"https:\/\/dos20.cl\/index.php?rest_route=\/wp\/v2\/product"}],"about":[{"href":"https:\/\/dos20.cl\/index.php?rest_route=\/wp\/v2\/types\/product"}],"wp:featuredmedia":[{"embeddable":true,"href":"https:\/\/dos20.cl\/index.php?rest_route=\/wp\/v2\/media\/17939"}],"wp:attachment":[{"href":"https:\/\/dos20.cl\/index.php?rest_route=%2Fwp%2Fv2%2Fmedia&parent=15270"}],"wp:term":[{"taxonomy":"product_brand","embeddable":true,"href":"https:\/\/dos20.cl\/index.php?rest_route=%2Fwp%2Fv2%2Fproduct_brand&post=15270"},{"taxonomy":"product_cat","embeddable":true,"href":"https:\/\/dos20.cl\/index.php?rest_route=%2Fwp%2Fv2%2Fproduct_cat&post=15270"},{"taxonomy":"product_tag","embeddable":true,"href":"https:\/\/dos20.cl\/index.php?rest_route=%2Fwp%2Fv2%2Fproduct_tag&post=15270"}],"curies":[{"name":"wp","href":"https:\/\/api.w.org\/{rel}","templated":true}]}}